
Is 7875827 a composite number?
False
Is 30498863 a composite number?
False
Is 32619043 a composite number?
False
Is 42445253 composite?
True
Is 1492823 a composite number?
False
Is 9095819 composite?
False
Is 69969829 composite?
True
Is 465721 prime?
True
Is 36170723 prime?
True
Is 9194021 a prime number?
True
Is 18603898 a prime number?
False
Is 36593929 a prime number?
False
Is 7635491 prime?
True
Is 21089 composite?
False
Is 145856969 prime?
True
Is 42505051 a prime number?
True
Is 9047149 composite?
False
Is 1866713 prime?
False
Is 4136123 composite?
False
Is 750206733 composite?
True
Is 3855623 a composite number?
False
Is 9739839 a prime number?
False
Is 131857699 a prime number?
False
Is 525587245 prime?
False
Is 1202143 a prime number?
False
Is 10986187 composite?
False
Is 19070743 a composite number?
False
Is 81013237 a prime number?
False
Is 1712047 prime?
True
Is 436194091 a prime number?
False
Is 1015291 a composite number?
True
Is 267880223 a composite number?
True
Is 407015897 a prime number?
False
Is 1756121 a prime number?
False
Is 62066885 prime?
False
Is 3538859 composite?
False
Is 21416123 composite?
True
Is 368508973 a composite number?
True
Is 5863449 a prime number?
False
Is 203141 composite?
False
Is 5041643 a composite number?
True
Is 35676346 a composite number?
True
Is 53338 composite?
True
Is 8576981 composite?
True
Is 132082681 prime?
True
Is 2665589 a composite number?
False
Is 11880023 a prime number?
True
Is 146957137 a prime number?
True
Is 80653919 a prime number?
True
Is 10030837 a composite number?
False
Is 61225529 a prime number?
True
Is 31034867 a prime number?
False
Is 23699831 a composite number?
True
Is 781351 a composite number?
False
Is 304462589 prime?
True
Is 19332389 composite?
True
Is 10480943 prime?
False
Is 139196171 a prime number?
True
Is 176854994 a prime number?
False
Is 27082291 a composite number?
False
Is 6286909 prime?
True
Is 11577161 composite?
True
Is 31196821 composite?
False
Is 2221507 composite?
False
Is 345996637 a prime number?
False
Is 41708093 prime?
False
Is 122924047 a composite number?
False
Is 5216411 a composite number?
False
Is 55369909 a prime number?
False
Is 337474 a composite number?
True
Is 11211443 prime?
False
Is 5059517 prime?
False
Is 19549681 a prime number?
False
Is 9693623 composite?
False
Is 16537819 composite?
True
Is 31480999 composite?
True
Is 169012573 prime?
True
Is 62497681 a prime number?
True
Is 3675362 a composite number?
True
Is 64810399 a composite number?
True
Is 5165477 composite?
True
Is 2836051 a prime number?
False
Is 13012121 composite?
True
Is 52038417 a composite number?
True
Is 60529153 a prime number?
True
Is 3114649 a prime number?
False
Is 201938309 composite?
True
Is 19936031 composite?
False
Is 183895 prime?
False
Is 77021587 composite?
False
Is 2152228191 prime?
False
Is 105066541 composite?
True
Is 16405229 composite?
False
Is 307061 prime?
False
Is 1269782 composite?
True
Is 4522747 a prime number?
True
Is 15451639 a prime number?
False
Is 4436143 composite?
False
Is 98423983 a prime number?
False
Is 2772851 a prime number?
False
Is 4780361 composite?
False
Is 39347437 composite?
True
Is 54409 prime?
True
Is 63672278 a prime number?
False
Is 12429019 prime?
True
Is 3602141 prime?
False
Is 96733327 a composite number?
True
Is 29453371 prime?
False
Is 19383979 composite?
False
Is 2869483 composite?
True
Is 114611881 prime?
True
Is 764719283 a prime number?
True
Is 2253037 composite?
False
Is 4143889 prime?
False
Is 701959 a prime number?
False
Is 45226 prime?
False
Is 6747163 a prime number?
True
Is 2225701 composite?
False
Is 631447 composite?
True
Is 5746039 a prime number?
False
Is 5380943 prime?
True
Is 8902637 composite?
False
Is 16268843 composite?
True
Is 6567551 composite?
True
Is 39920137 composite?
True
Is 93289 a composite number?
True
Is 98337341 a prime number?
True
Is 59424787 composite?
True
Is 132335513 prime?
False
Is 4921411 prime?
False
Is 119161897 prime?
False
Is 96214273 a prime number?
True
Is 133570831 composite?
False
Is 101476819 composite?
True
Is 9526249 prime?
False
Is 677749 composite?
True
Is 1673221 composite?
True
Is 6815293 a composite number?
False
Is 2597879 a composite number?
True
Is 16176971 a composite number?
False
Is 13768957 prime?
True
Is 10918577 a prime number?
True
Is 6755191 prime?
True
Is 46865965 prime?
False
Is 477292397 composite?
True
Is 26324309 prime?
False
Is 6782129 composite?
False
Is 3470399 prime?
False
Is 2925511 a composite number?
False
Is 12303953 a prime number?
True
Is 109072403 composite?
True
Is 4654669 prime?
True
Is 2141351 a composite number?
True
Is 5823539 a prime number?
True
Is 29095793 composite?
False
Is 3343061 a prime number?
False
Is 132259817 a prime number?
False
Is 69028049 a composite number?
True
Is 174587421 prime?
False
Is 13394987 prime?
False
Is 4672253 composite?
False
Is 56636249 prime?
True
Is 154999 prime?
False
Is 684239689 a prime number?
False
Is 3644519 prime?
False
Is 37887461 a composite number?
False
Is 18043117 a prime number?
False
Is 507461 prime?
True
Is 576092557 a prime number?
False
Is 2389097 prime?
True
Is 45026699 a prime number?
True
Is 9487619 a prime number?
True
Is 2335973 prime?
False
Is 6857881 composite?
False
Is 723791 composite?
False
Is 25973537 prime?
True
Is 10440751 a prime number?
False
Is 193151461 a prime number?
True
Is 21505685 a prime number?
False
Is 17974189 a prime number?
True
Is 1984648745 a composite number?
True
Is 1832001 composite?
True
Is 54685877 composite?
True
Is 4478377 a composite number?
True
Is 118795583 a prime number?
True
Is 5891617 prime?
True
Is 23739101 prime?
False
Is 277455547 composite?
True
Is 2213429 prime?
False
Is 40841321 a prime number?
False
Is 26897237 prime?
True
Is 60898331 a prime number?
False
Is 8052001 a composite number?
True
Is 11082746 prime?
False
Is 2741647 composite?
True
Is 23817923 prime?
True
Is 6337217 prime?
True
Is 319997 prime?
False
Is 220041893 a composite number?
False
Is 33325171 a composite number?
True
Is 308412743 composite?
False
Is 21813653 a prime number?
False
Is 92716399 a prime number?
False
Is 129012307 a composite number?
False
Is 619014619 prime?
False
Is 195594403 composite?
False
Is 6208303 composite?
False
Is 293988031 composite?
False
Is 29897009 a composite number?
False
Is 302134621 composite?
False
Is 18800179 a prime number?
True
Is 34150289 composite?
False
Is 193140491 a composite number?
True
Is 16851217 a composite number?
False
Is 267852545 prime?
False
Is 300680363 composite?
False
Is 4599557 a composite number?
False
Is 10949989 a prime number?
False
Is 1931 composite?
False
Is 28420629 a prime number?
False
Is 426469 composite?
False
Is 89436679 prime?
True
Is 3477691 a composite number?
True
Is 9499745 a prime number?
False
Is 374083 prime?
True
Is 117030343 composite?
True
Is 1583532479 a prime number?
True
Is 9802019 composite?
False
Is 225809 prime?
True
Is 69706249 a composite number?
False
Is 5232511 composite?
False
Is 46320113 a composite number?
True
Is 138661427 a composite number?
False
Is 33673433 a prime number?
True
Is 12895717 a composite number?
False
Is 1391183 a prime number?
True
Is 108083 a composite number?
True
Is 49643999 a composite number?
False
Is 279717271 prime?
True
Is 467563 a composite number?
True
Is 845849 prime?
True
Is 1058123221 a composite number?
False
Is 3774439 prime?
True
Is 7273529 a prime number?
True
Is 331555703 a prime number?
True
Is 13154057 a prime number?
False
Is 195003283 prime?
False
Is 1323406423 a prime number?
True
Is 370259 composite?
True
Is 818887417 prime?
True
Is 252761667 composite?
True
Is 41529841 prime?
True
Is 3983401 a prime number?
True
Is 956705965 composite?
True
Is 90234953 composite?
False
Is 6646573 prime?
True
Is 55602433 a prime number?
True
Is 2333 a composite number?
False
Is 7477243 a prime number?
True
Is 11683799 composite?
True
Is 1993997 composite?
False
Is 1050563 a prime number?
True
Is 134419823 composite?
False
Is 213223 a prime number?
True
Is 2211919 a prime number?
True
Is 1374431 a composite number?
False
Is 237791 composite?
False
Is 9906185 prime?
False
Is 1186489 a prime number?
True
Is 263604547 a prime number?
False
Is 19207